s the hundred thousands digit of 36933219?
9
What is the units digit of 47842?
2
What is the millions digit of 4653785?
4
What is the tens digit of 467149?
4
What is the hundred thousands digit of 4016166?
0
What is the hundred thousands digit of 5954372?
9
What is the hundreds digit of 28977274?
2
What is the ten thousands digit of 991796?
9
What is the hundreds digit of 2823886?
8
What is the ten thousands digit of 27102?
2
What is the hundred thousands digit of 541385?
5
What is the hundreds digit of 274849?
8
What is the ten millions digit of 31368597?
3
What is the tens digit of 6640468?
6
What is the thousands digit of 172072?
2
What is the millions digit of 16769135?
6
What is the ten thousands digit of 7925425?
2
What is the hundred thousands digit of 189924?
1
What is the units digit of 647178?
8
What is the ten thousands digit of 19217590?
1
What is the thousands digit of 200054?
0
What is the thousands digit of 7242491?
2
What is the hundred thousands digit of 5364026?
3
What is the ten thousands digit of 2144886?
4
What is the thousands digit of 1410233?
0
What is the units digit of 18299221?
1
What is the millions digit of 14281589?
4
What is the tens digit of 1170906?
0
What is the hundreds digit of 875587?
5
What is the thousands digit of 312436?
2
What is the tens digit of 165627?
2
What is the ten thousands digit of 567781?
6
What is the hundred thousands digit of 513927?
5
What is the ten millions digit of 18098508?
1
What is the tens digit of 4063484?
8
What is the hundred thousands digit of 1406021?
4
What is the thousands digit of 130323?
0
What is the tens digit of 1898179?
7
What is the ten thousands digit of 7258792?
5
What is the hundreds digit of 1160974?
9
What is the hundreds digit of 400878?
8
What is the ten thousands digit of 234445?
3
What is the units digit of 5693333?
3
What is the tens digit of 325624?
2
What is the tens digit of 3614496?
9
What is the tens digit of 21306175?
7
What is the units digit of 178733?
3
What is the ten thousands digit of 1143388?
4
What is the units digit of 751376?
6
What is the tens digit of 302659?
5
What is the tens digit of 2352417?
1
What is the units digit of 30148717?
7
What is the hundreds digit of 113032?
0
What is the ten thousands digit of 1778817?
7
What is the hundred thousands digit of 3786047?
7
What is the hundreds digit of 5401323?
3
What is the thousands digit of 2536598?
6
What is the ten thousands digit of 5224456?
2
What is the hundreds digit of 3136908?
9
What is the ten thousands digit of 1711626?
1
What is the hundreds digit of 92019?
0
What is the ten thousands digit of 16217664?
1
What is the tens digit of 17253217?
1
What is the tens digit of 982048?
4
What is the ten thousands digit of 673876?
7
What is the hundreds digit of 108909?
9
What is the ten thousands digit of 218253?
1
What is the hundreds digit of 46709?
7
What is the hundreds digit of 207587?
5
What is the tens digit of 464711?
1
What is the hundred thousands digit of 5452445?
4
What is the hundreds digit of 4858734?
7
What is the tens digit of 944756?
5
What is the units digit of 905724?
4
What is the thousands digit of 145294?
5
What is the hundred thousands digit of 2987112?
9
What is the hundred thousands digit of 11506296?
5
What is the hundreds digit of 95211?
2
What is the hundreds digit of 867074?
0
What is the units digit of 45182?
2
What is the thousands digit of 947583?
7
What is the thousands digit of 44609?
4
What is the hundred thousands digit of 212975?
2
What is the thousands digit of 277792?
7
What is the millions digit of 1330537?
1
What is the ten thousands digit of 162734?
6
What is the hundreds digit of 548279?
2
What is the hundreds digit of 2504134?
1
What is the millions digit of 1366663?
1
What is the hundred thousands digit of 1369345?
3
What is the hundreds digit of 33236?
2
What is the tens digit of 179709?
0
What is the hundreds digit of 192491?
4
What is the hundred thousands digit of 316578?
3
What is the units digit of 637368?
8
What is the tens digit of 7674398?
9
What is the hundred thousands digit of 219587?
2
What is the tens digit of 4067976?
7
What is the units digit of 343276?
6
What is the tens digit of 6747485?
8
What is the hundred thousands digit of 6970885?
9
What is the tens digit of 1429238?
3
What is the units digit of 144018?
8
What is the hundred thousands digit of 286170?
2
What is the tens digit of 258738?
3
What is the units digit of 18792078?
8
What is the ten thousands digit of 3205358?
0
What is the tens digit of 69177?
7
What is the ten millions digit of 11220307?
1
What is the hundred thousands digit of 5579576?
5
What is the units digit of 11607945?
5
What is the thousands digit of 39233?
9
What is the hundreds digit of 157728?
7
What is the units digit of 5384705?
5
What is the units digit of 4452823?
3
What is the thousands digit of 693814?
3
What is the tens digit of 31286599?
9
What is the hundred thousands digit of 7695078?
6
What is the hundreds digit of 1582259?
2
What is the units digit of 3547074?
4
What is the thousands digit of 528978?
8
What is the tens digit of 264255?
5
What is the ten thousands digit of 166795?
6
What is the hundred thousands digit of 10666617?
6
What is the hundreds digit of 6183324?
3
What is the tens digit of 278246?
4
What is the units digit of 3081077?
7
What is the ten thousands digit of 171914?
7
What is the millions digit of 3343289?
3
What is the hundreds digit of 22054297?
2
What is the thousands digit of 3513925?
3
What is the ten thousands digit of 1375588?
7
What is the ten thousands digit of 433876?
3
What is the hundreds digit of 2241135?
1
What is the hundred thousands digit of 444262?
4
What is the hundred thousands digit of 15070464?
0
What is the thousands digit of 809424?
9
What is the hundreds digit of 1542754?
7
What is the ten thousands digit of 72118?
7
What is the tens digit of 5602784?
8
What is the hundreds digit of 37301?
3
What is the ten thousands digit of 748413?
4
What is the hundreds digit of 222997?
9
What is the hundred thousands digit of 625615?
6
What is the hundred thousands digit of 1789886?
7
What is the millions digit of 8161988?
8
What is the hundreds digit of 543434?
4
What is the units digit of 12784466?
6
What is the hundred thousands digit of 334044?
3
What is the units digit of 18490208?
8
What is the hundreds digit of 5626783?
7
What is the units digit of 396919?
9
What is the thousands digit of 266052?
6
What is the units digit of 407205?
5
What is the tens digit of 293419?
1
What is the units digit of 73429?
9
What is the tens digit of 163151?
5
What is the thousands digit of 184875?
4
What is the thousands digit of 935018?
5
What is the tens digit of 1249095?
9
What is the hundred thousands digit of 404864?
4
What is the millions digit of 5448541?
5
What is the thousands digit of 9482269?
2
What is the ten thousands digit of 7661687?
6
What is the tens digit of 712983?
8
What is the ten thousands digit of 982748?
8
What is the ten thousands digit of 3538741?
3
What is the hundred thousands digit of 7371819?
3
What is the thousands digit of 18184017?
4
What is the hundred thousands digit of 3455215?
4
What is the tens digit of 408506?
0
What is the units digit of 468647?
7
What is the thousands digit of 218024?
8
What is the hundred thousands digit of 3424770?
4
What is the hundreds digit of 7376787?
7
What is the hundred thousands digit of 596696?
5
What is the hundreds digit of 873115?
1
What is the units digit of 7782483?
3
What is the hundreds digit of 436070?
0
What is the millions digit of 3016482?
3
What is the hundred thousands digit of 11288811?
2
What is the units digit of 302464?
4
What is the millions digit of 2615567?
2
What is the thousands digit of 5633692?
3
What is the tens digit of 722058?
5
What is the millions digit of 3244450?
3
What is the thousands digit of 5378114?
8
What is the tens digit of 833605?
0
What is the hundreds digit of 8955132?
1
What is the ten thousands digit of 3615759?
1
What is the tens digit of 20375901?
0
What is the ten thousands digit of 30180?
3
What is the tens digit of 279840?
4
What is the tens digit of 3000404?
0
What is the thousands digit of 7350074?
0
What is the thousands digit of 727120?
7
What